{"id":64,"date":"2021-03-17T10:50:21","date_gmt":"2021-03-17T09:50:21","guid":{"rendered":"http:\/\/www.vecteursud.com\/conseil\/?page_id=64"},"modified":"2021-03-17T11:07:47","modified_gmt":"2021-03-17T10:07:47","slug":"interim","status":"publish","type":"page","link":"https:\/\/www.vecteursud.com\/conseil\/interim\/","title":{"rendered":"Int\u00e9rim"},"content":{"rendered":"<p>[et_pb_section fb_built=&#8221;1&#8243; admin_label=&#8221;Global&#8221; _builder_version=&#8221;4.9.2&#8243; _module_preset=&#8221;default&#8221; background_color=&#8221;RGBA(0,0,0,0)&#8221; background_enable_image=&#8221;off&#8221; custom_margin=&#8221;0px||0px||true|false&#8221; custom_padding=&#8221;0px||0px||true|false&#8221; collapsed=&#8221;off&#8221;][et_pb_row admin_label=&#8221;Header&#8221; _builder_version=&#8221;4.9.2&#8243; _module_preset=&#8221;default&#8221; background_color=&#8221;#FFFFFF&#8221; collapsed=&#8221;off&#8221;][et_pb_column type=&#8221;4_4&#8243; _builder_version=&#8221;4.9.2&#8243; _module_preset=&#8221;default&#8221; background_enable_color=&#8221;off&#8221;][et_pb_image src=&#8221;https:\/\/www.vecteursud.com\/conseil\/wp-content\/uploads\/2021\/03\/ima-interim1.jpg&#8221; title_text=&#8221;ima-interim1&#8243; align=&#8221;center&#8221; force_fullwidth=&#8221;on&#8221; _builder_version=&#8221;4.9.2&#8243; _module_preset=&#8221;default&#8221; background_enable_color=&#8221;off&#8221; background_enable_image=&#8221;off&#8221; custom_margin=&#8221;||||false|false&#8221; custom_padding=&#8221;|20px||20px|false|true&#8221;][\/et_pb_image][\/et_pb_column][\/et_pb_row][et_pb_row column_structure=&#8221;1_2,1_2&#8243; admin_label=&#8221;Contenu&#8221; _builder_version=&#8221;4.9.2&#8243; _module_preset=&#8221;default&#8221; background_color=&#8221;#FFFFFF&#8221; custom_margin=&#8221;||||false|true&#8221; custom_padding=&#8221;40px|50px|40px|50px|true|true&#8221; collapsed=&#8221;off&#8221;][et_pb_column type=&#8221;1_2&#8243; _builder_version=&#8221;4.9.2&#8243; _module_preset=&#8221;default&#8221;][et_pb_image src=&#8221;https:\/\/www.vecteursud.com\/conseil\/wp-content\/uploads\/2021\/03\/titre-interim2.png&#8221; title_text=&#8221;titre-interim2&#8243; _builder_version=&#8221;4.9.2&#8243; _module_preset=&#8221;default&#8221;][\/et_pb_image][\/et_pb_column][et_pb_column type=&#8221;1_2&#8243; _builder_version=&#8221;4.9.2&#8243; _module_preset=&#8221;default&#8221;][et_pb_text _builder_version=&#8221;4.9.2&#8243; _module_preset=&#8221;default&#8221; text_font=&#8221;Arial||||||||&#8221; text_line_height=&#8221;1.5em&#8221;]<\/p>\n<p style=\"text-align: justify;\"><strong>Afin de r\u00e9pondre aux besoins saisonniers de recrutement, nous mettons \u00e0 votre disposition du personnel exp\u00e9riment\u00e9 et qualifi\u00e9 dans votre domaine d\u2019activit\u00e9.<\/strong><\/p>\n<p style=\"text-align: justify;\">Disposant d\u2019une exp\u00e9rience de + de 20 ans dans le domaine de l\u2019h\u00f4tellerie restauration fran\u00e7aise, nous avons d\u00e9velopp\u00e9 des \u00e9changes commerciaux dans le cadre de nos activit\u00e9s europ\u00e9ennes avec la Roumanie depuis 15 ans et sommes devenus agents de la soci\u00e9t\u00e9 <strong>Interim Acting Europe<\/strong>.<\/p>\n<p style=\"text-align: justify;\"><strong>Int\u00e9rim Acting Europe<\/strong>, soci\u00e9t\u00e9 d\u2019Int\u00e9rim agr\u00e9e Roumaine, bas\u00e9e \u00e0 Bucarest et dirig\u00e9e par un fran\u00e7ais, est pleinement qualifi\u00e9e pour vous fournir du personnel en missions d\u2019Int\u00e9rim sur des p\u00e9riodes allant de 3 \u00e0 18 mois.<br \/>\u2022 Vous choisissez votre personnel parmi des personnes dont le profil a \u00e9t\u00e9 \u00e9valu\u00e9 et valid\u00e9 par des professionnels du recrutement. (cabinet de recrutement)<br \/>\u2022 Vous n\u2019effectuez aucune d\u00e9marche administrative, tout le travail est fait en amont, Int\u00e9rim Acting Europe vous remet toutes les attestations l\u00e9gales n\u00e9cessaires.<br \/>\u2022 Vous n\u2019effectuez pas de fiche de salaire, ce personnel n\u2019entre pas dans vos effectifs.<br \/>\u2022 Vous all\u00e9gez vos frais fixes (plus de charges salariales et patronales) Inter Acting Europe vous facture la prestation et r\u00e9mun\u00e8re elle-m\u00eame le personnel selon les grilles de salaire impos\u00e9es par les lois roumaines et fran\u00e7aises, avec un montant \u00e0 payer sup\u00e9rieur ou \u00e9gal au smic.<\/p>\n<p>[\/et_pb_text][\/et_pb_column][\/et_pb_row][\/et_pb_section]<\/p>\n","protected":false},"excerpt":{"rendered":"<p>[et_pb_section fb_built=&#8221;1&#8243; admin_label=&#8221;Global&#8221; _builder_version=&#8221;4.9.2&#8243; _module_preset=&#8221;default&#8221; background_color=&#8221;RGBA(0,0,0,0)&#8221; background_enable_image=&#8221;off&#8221; custom_margin=&#8221;0px||0px||true|false&#8221; custom_padding=&#8221;0px||0px||true|false&#8221; collapsed=&#8221;off&#8221;][et_pb_row admin_label=&#8221;Header&#8221; _builder_version=&#8221;4.9.2&#8243; _module_preset=&#8221;default&#8221; background_color=&#8221;#FFFFFF&#8221; collapsed=&#8221;off&#8221;][et_pb_column type=&#8221;4_4&#8243; _builder_version=&#8221;4.9.2&#8243; _module_preset=&#8221;default&#8221; background_enable_color=&#8221;off&#8221;][et_pb_image src=&#8221;https:\/\/www.vecteursud.com\/conseil\/wp-content\/uploads\/2021\/03\/ima-interim1.jpg&#8221; title_text=&#8221;ima-interim1&#8243; align=&#8221;center&#8221; force_fullwidth=&#8221;on&#8221; _builder_version=&#8221;4.9.2&#8243; _module_preset=&#8221;default&#8221; background_enable_color=&#8221;off&#8221; background_enable_image=&#8221;off&#8221; custom_margin=&#8221;||||false|false&#8221; custom_padding=&#8221;|20px||20px|false|true&#8221;][\/et_pb_image][\/et_pb_column][\/et_pb_row][et_pb_row column_structure=&#8221;1_2,1_2&#8243; admin_label=&#8221;Contenu&#8221; _builder_version=&#8221;4.9.2&#8243; _module_preset=&#8221;default&#8221; background_color=&#8221;#FFFFFF&#8221; custom_margin=&#8221;||||false|true&#8221; custom_padding=&#8221;40px|50px|40px|50px|true|true&#8221; collapsed=&#8221;off&#8221;][et_pb_column type=&#8221;1_2&#8243; _builder_version=&#8221;4.9.2&#8243; _module_preset=&#8221;default&#8221;][et_pb_image src=&#8221;https:\/\/www.vecteursud.com\/conseil\/wp-content\/uploads\/2021\/03\/titre-interim2.png&#8221; title_text=&#8221;titre-interim2&#8243; _builder_version=&#8221;4.9.2&#8243; _module_preset=&#8221;default&#8221;][\/et_pb_image][\/et_pb_column][et_pb_column type=&#8221;1_2&#8243; _builder_version=&#8221;4.9.2&#8243; _module_preset=&#8221;default&#8221;][et_pb_text _builder_version=&#8221;4.9.2&#8243; _module_preset=&#8221;default&#8221; text_font=&#8221;Arial||||||||&#8221; text_line_height=&#8221;1.5em&#8221;] Afin de r\u00e9pondre aux [&hellip;]<\/p>\n","protected":false},"author":2,"featured_media":0,"parent":0,"menu_order":0,"comment_status":"closed","ping_status":"closed","template":"","meta":{"_et_pb_use_builder":"on","_et_pb_old_content":"","_et_gb_content_width":"","footnotes":""},"class_list":["post-64","page","type-page","status-publish","hentry"],"yoast_head":"<!-- This site is optimized with the Yoast SEO plugin v16.0.1 - https:\/\/yoast.com\/wordpress\/plugins\/seo\/ -->\n<title>Int\u00e9rim - Vecteur Sud - Conseil et Assistance Op\u00e9rationnelle en Tourisme et H\u00f4tellerie<\/title>\n<meta name=\"description\" content=\"Vecteur Sud intervient dans le domaine de la Formation et du recrutement\" \/>\n<link rel=\"canonical\" href=\"https:\/\/www.vecteursud.com\/conseil\/interim\/\" \/>\n<meta property=\"og:locale\" content=\"fr_FR\" \/>\n<meta property=\"og:type\" content=\"article\" \/>\n<meta property=\"og:title\" content=\"Int\u00e9rim - Vecteur Sud - Conseil et Assistance Op\u00e9rationnelle en Tourisme et H\u00f4tellerie\" \/>\n<meta property=\"og:description\" content=\"Vecteur Sud intervient dans le domaine de la Formation et du recrutement\" \/>\n<meta property=\"og:url\" content=\"https:\/\/www.vecteursud.com\/conseil\/interim\/\" \/>\n<meta property=\"og:site_name\" content=\"Vecteur Sud - Conseil et Assistance Op\u00e9rationnelle en Tourisme et H\u00f4tellerie\" \/>\n<meta property=\"article:modified_time\" content=\"2021-03-17T10:07:47+00:00\" \/>\n<meta name=\"twitter:card\" content=\"summary_large_image\" \/>\n<meta name=\"twitter:label1\" content=\"Dur\u00e9e de lecture est.\">\n\t<meta name=\"twitter:data1\" content=\"2 minutes\">\n<script type=\"application\/ld+json\" class=\"yoast-schema-graph\">{\"@context\":\"https:\/\/schema.org\",\"@graph\":[{\"@type\":\"WebSite\",\"@id\":\"https:\/\/www.vecteursud.com\/conseil\/#website\",\"url\":\"https:\/\/www.vecteursud.com\/conseil\/\",\"name\":\"Vecteur Sud - Conseil et Assistance Op\\u00e9rationnelle en Tourisme et H\\u00f4tellerie\",\"description\":\"\",\"potentialAction\":[{\"@type\":\"SearchAction\",\"target\":\"https:\/\/www.vecteursud.com\/conseil\/?s={search_term_string}\",\"query-input\":\"required name=search_term_string\"}],\"inLanguage\":\"fr-FR\"},{\"@type\":\"WebPage\",\"@id\":\"https:\/\/www.vecteursud.com\/conseil\/interim\/#webpage\",\"url\":\"https:\/\/www.vecteursud.com\/conseil\/interim\/\",\"name\":\"Int\\u00e9rim - Vecteur Sud - Conseil et Assistance Op\\u00e9rationnelle en Tourisme et H\\u00f4tellerie\",\"isPartOf\":{\"@id\":\"https:\/\/www.vecteursud.com\/conseil\/#website\"},\"datePublished\":\"2021-03-17T09:50:21+00:00\",\"dateModified\":\"2021-03-17T10:07:47+00:00\",\"description\":\"Vecteur Sud intervient dans le domaine de la Formation et du recrutement\",\"breadcrumb\":{\"@id\":\"https:\/\/www.vecteursud.com\/conseil\/interim\/#breadcrumb\"},\"inLanguage\":\"fr-FR\",\"potentialAction\":[{\"@type\":\"ReadAction\",\"target\":[\"https:\/\/www.vecteursud.com\/conseil\/interim\/\"]}]},{\"@type\":\"BreadcrumbList\",\"@id\":\"https:\/\/www.vecteursud.com\/conseil\/interim\/#breadcrumb\",\"itemListElement\":[{\"@type\":\"ListItem\",\"position\":1,\"item\":{\"@type\":\"WebPage\",\"@id\":\"https:\/\/www.vecteursud.com\/conseil\/\",\"url\":\"https:\/\/www.vecteursud.com\/conseil\/\",\"name\":\"Accueil\"}},{\"@type\":\"ListItem\",\"position\":2,\"item\":{\"@type\":\"WebPage\",\"@id\":\"https:\/\/www.vecteursud.com\/conseil\/interim\/\",\"url\":\"https:\/\/www.vecteursud.com\/conseil\/interim\/\",\"name\":\"Int\\u00e9rim\"}}]}]}<\/script>\n<!-- \/ Yoast SEO plugin. -->","_links":{"self":[{"href":"https:\/\/www.vecteursud.com\/conseil\/wp-json\/wp\/v2\/pages\/64","targetHints":{"allow":["GET"]}}],"collection":[{"href":"https:\/\/www.vecteursud.com\/conseil\/wp-json\/wp\/v2\/pages"}],"about":[{"href":"https:\/\/www.vecteursud.com\/conseil\/wp-json\/wp\/v2\/types\/page"}],"author":[{"embeddable":true,"href":"https:\/\/www.vecteursud.com\/conseil\/wp-json\/wp\/v2\/users\/2"}],"replies":[{"embeddable":true,"href":"https:\/\/www.vecteursud.com\/conseil\/wp-json\/wp\/v2\/comments?post=64"}],"version-history":[{"count":11,"href":"https:\/\/www.vecteursud.com\/conseil\/wp-json\/wp\/v2\/pages\/64\/revisions"}],"predecessor-version":[{"id":332,"href":"https:\/\/www.vecteursud.com\/conseil\/wp-json\/wp\/v2\/pages\/64\/revisions\/332"}],"wp:attachment":[{"href":"https:\/\/www.vecteursud.com\/conseil\/wp-json\/wp\/v2\/media?parent=64"}],"curies":[{"name":"wp","href":"https:\/\/api.w.org\/{rel}","templated":true}]}}